he first derivative of -u**5/20 + 7*u**4/12 - 2*u**3/3 - u**2 - u - 2. Let z(b) be the first derivative of r(b). List the prime factors of z(6).
2, 5
Let p(o) = o**2 - 8*o + 1. What are the prime factors of p(13)?
2, 3, 11
Let m = 110 - 34. Suppose -5*z = o - m, -4*z + 60 = 2*o - o. What are the prime factors of z?
2
Let r be 146/(-10) - (-6)/(-15). Let q = r + 46. Suppose -3*h + 2 = -q. List the prime factors of h.
11
Let s be (-4)/(-1) - (-3)/(-1). Let x be 3*(s - 2/6). Suppose -23 = -x*c - 2*c + 3*m, 5*c - m = 37. List the prime factors of c.
2
Suppose -n = -j - 42, -6*n + 5*n - j + 48 = 0. What are the prime factors of n?
3, 5
Let o = 48 - 5. List the prime factors of o.
43
Let p = -10 + 15. Suppose 13 = -p*s - 37. Let d = 0 - s. List the prime factors of d.
2, 5
Let q be (-1 - 61)*(2 + -1). Suppose -15 = -3*b, 0 = h - 2*b - 0*b + 14. What are the prime factors of h/(-22) - q/22?
3
Let r(x) = 2*x**2 + 2*x + 1. Let u = 5 + -6. Let b be r(u). What are the prime factors of b*-1*(-20 + 7)?
13
Let w = -29 - -6. Let h(r) = -3*r**2 - 2*r + 1. Let b be h(3). Let s = w - b. List the prime factors of s.
3
Let z = 0 + 1. Suppose k + 15 = -3*m, m + 10 = 2*k - 3*m. What are the prime factors of 1 + (-24)/(z + k)?
13
Let z(y) = y**3 + 17*y**2 + 13*y - 14. Let r be z(-16). Suppose -j - r = -3*j. List the prime factors of j.
17
Let z(u) = u**3 - 9*u**2 + u - 6. Let k be z(9). Let w(s) = -2*s + 4*s**k + 3*s**3 - 5*s**3. List the prime factors of w(2).
2, 3
Let k(o) = -3*o + 5. What are the prime factors of k(-9)?
2
What are the prime factors of (-2121)/(-12) - (1 - (-2)/(-8))?
2, 11
Suppose 0 = 4*p - 56 - 28. Let z = 35 - p. List the prime factors of z.
2, 7
Let t(k) = 20*k - 48. What are the prime factors of t(19)?
2, 83
Suppose 2*h = 9 + 1. Let j(s) = -s**3 + 5*s**2 + 2*s - 5. List the prime factors of j(h).
5
Suppose 3*n - 13 = -4. List the prime factors of n.
3
Suppose 10*x = 13*x - 417. What are the prime factors of x?
139
What are the prime factors of 53 - (12/3)/(-4)?
2, 3
List the prime factors of (5 - (1 - 2))/2.
3
Suppose 0 = 2*x - 5*z + 30, 5*z = -0*x + x + 20. List the prime factors of (-1*5)/(2/x).
5
List the prime factors of (8/(-12))/((-1)/72).
2, 3
Let y(w) = 3*w**2 + w + 7. Let z(i) = 8*i**2 + 4*i + 21. Let j(n) = 11*y(n) - 4*z(n). Let k be j(5). List the prime factors of (2 - 3)/1 - k.
2, 3
Let o(w) be the first derivative of -w**2/2 + 6*w + 1. Let p be o(6). Let x = p - -5. What are the prime factors of x?
5
Let q(l) = 12*l - 51. List the prime factors of q(11).
3
Let b be ((-1)/2)/(1/(-4)). Suppose -5*x = -2*x. Suppose -b*a = -x*a - 16. What are the prime factors of a?
2
Suppose -5 = 4*m + 3. Let o = -2 - m. Suppose 8 = -4*h, o = -0*g - g + 5*h + 12. What are the prime factors of g?
2
Suppose 4*g + g = 20. Suppose v - 1 = 0, -g*u + 5*u + 2 = -4*v. Let h(l) = l**2 + 5*l + 7. What are the prime factors of h(u)?
13
Let o(l) = -3*l - 12. Let s be o(-10). Let p be s/(-5) + (-6)/15. What are the prime factors of 6 + p - (0 + -6)?
2
Let b(f) = 3*f + 7. Let h(o) = o + 1. Let m(r) = -9*r - 6. Let u(i) = 12*h(i) + m(i). Let s(w) = 3*b(w) - 4*u(w). List the prime factors of s(-6).
3, 5
Suppose 0 = 6*l - 2*l - 24. Let h be (0 + -3)*(6 - 7). Suppose l*q - 43 = -h*n + q, 2*q = 3*n - 50. What are the prime factors of n?
2
Let l be (-8)/5*5/(-2). Let b = l - -4. Suppose 3*g - 5*g + b = 0. List the prime factors of g.
2
Let v = 298 + -172. What are the prime factors of v?
2, 3, 7
List the prime factors of (-2)/(-6) - (-278)/3.
3, 31
Let a = 11 - 7. Let i be (-336)/(-54) + a/(-18). Suppose 33 + i = 3*q. What are the prime factors of q?
13
Let t be 2 - -6*3/(-9). Suppose t*s = -3*s + 114. List the prime factors of s.
2, 19
Suppose 3*b - b = 2*x + 6, -9 = -3*b - 5*x. Let s be -2 - b/((-3)/(-7)). Let l(j) = -j + 1. List the prime factors of l(s).
2, 5
Let n(d) = d**2 - 8*d - 4. Let h be n(8). Let a(i) = -9*i. List the prime factors of a(h).
2, 3
What are the prime factors of 230/2 + -4 - -1*3?
2, 3, 19
Let u = 17 + -11. Let j(c) = c + 4. What are the prime factors of j(u)?
2, 5
Suppose -p - p = -156. List the prime factors of p.
2, 3, 13
What are the prime factors of (14 - 13)/((-2)/(-366))?
3, 61
Let t(v) = 26*v + 2. Let h be t(1). Suppose 0*m = 4*m - 2*f - 48, -2*f - h = -2*m. List the prime factors of m.
2, 5
Let f = 0 + 2. Suppose 2*l = -2*l. Suppose 2*j + j - 3 = l, 0 = f*d + 4*j - 26. What are the prime factors of d?
11
Suppose -2*u - 93 = 4*g - 35, 5*g + 71 = -3*u. Let m be -1 + (2 - 2 - 26). Let c = g - m. List the prime factors of c.
11
Let b(r) be the third derivative of r**6/120 - r**5/20 + r**4/8 - r**3/2 - 6*r**2. List the prime factors of b(4).
5
Suppose 0 = -35*o + 41*o - 408. What are the prime factors of o?
2, 17
Let w(b) = -b**2 - 12*b + 34. List the prime factors of w(-12).
2, 17
Let n(b) = 67*b**2 - b - 2. List the prime factors of n(-1).
2, 3, 11
Let y(o) = -o + 17. Let t be y(5). Suppose -l = -32 - t. List the prime factors of l.
2, 11
Suppose i = 2*i - 28. List the prime factors of i.
2, 7
Let y(z) = z + 3. Suppose 2*p = -3*p + 10. Let x be 0/((p + 1)/3). What are the prime factors of y(x)?
3
Let p be 3/(-9) + (-20)/(-6). Suppose d + 5*r = 3 + 19, -p*r = d - 24. Suppose 48 = 5*v - d. List the prime factors of v.
3, 5
What are the prime factors of (14/4)/((-5)/(-30))?
3, 7
Let c = -3 + 11. Suppose 3*h - c = -32. Let o = -6 - h. What are the prime factors of o?
2
Suppose 2*c = -9*c + 1628. What are the prime factors of c?
2, 37
Suppose -4 = -2*a + 4, -3*b + 3*a = -3. Suppose 0 = 2*g + b - 57. List the prime factors of g.
2, 13
List the prime factors of (0 + 24)*(-39)/(-36)*3.
2, 3, 13
Suppose 2*c - 2*s - 16 = 0, -2*s - 6 = -5*c + 19. Suppose c*b - 125 = -2*b. List the prime factors of b.
5
Let j = -12 - -27. Suppose 3*r + 3*y - 17 = 2*y, y + j = 5*r. Suppose -20 = -h - 4*c, 2*c - 25 - 13 = -r*h. What are the prime factors of h?
2
Suppose 8 = -0*p + 2*p. What are the prime factors of 52/6 + p/12?
3
Suppose -5*k + 4 = -41. What are the prime factors of k?
3
Let o(n) = -5*n - 23. What are the prime factors of o(-14)?
47
Let f = 25 + 9. What are the prime factors of f?
2, 17
Let c be (20/(-25))/(2/10). Let m be (2*c)/(-2) + -2. Suppose t + m*t = 12. What are the prime factors of t?
2
What are the prime factors of -1 + (-4 - (-4 - 45))?
2, 11
Suppose -u - 7*u + 392 = 0. List the prime factors of u.
7
Let p(r) = -8*r**2 - 4*r - 2. Let d be ((-6)/(-4))/(6/(-8)). Let t be p(d). Let u = -18 - t. What are the prime factors of u?
2
Let b(f) be the second derivative of -f**6/60 - f**5/60 + f**3/3 + f**2/2 + f. Let c(h) be the first derivative of b(h). List the prime factors of c(-2).
2, 7
Let t(n) = n**3 - 2*n - 1. Let x be t(2). Suppose -x*s + 9*o = 4*o - 36, 0 = -s - 3*o - 2. What are the prime factors of s?
7
Suppose 3*c - 15 = 24. List the prime factors of c.
13
Let k = 6 - 2. Let s(r) = -r**3 + 3*r**2 + 4*r. Let c be s(k). Let n(l) = -l + 10. What are the prime factors of n(c)?
2, 5
Let q be 93*(2 - 15/9). Let g = -19 + q. What are the prime factors of g?
2, 3
Suppose -2*a = 5 - 221. What are the prime factors of a?
2, 3
Suppose k - 37 = 2*x - 216, 0 = -5*x + 3*k + 446. What are the prime factors of x?
7, 13
Suppose 0 = 4*u + 16, 4*c + 0*u - 220 = 3*u. List the prime factors of c.
2, 13
Suppose 2*o + 3*o - x - 20 = 0, -2*x = 0. Suppose -p - 12 = 5*w - 3*w, 2*w = -o*p - 18. Let n = p - -12. List the prime factors of n.
2, 5
List the prime factors of (-5052)/(-48) + 1/(-4).
3, 5, 7
Let r = -25 - -37. What are the prime factors of r?
2, 3
Let v = -181 + 264. What are the prime factors of v?
83
Suppose w - 2 = -0*w - 2*v, -6 = -3*w - 3*v. Suppose -3*l + 5*q + 22 = 0, -3*q = l - w*q - 10. What are the prime factors of l?
3
Let z = -10 - -17. Let g = 15 - z. List the prime factors of g.
2
Let v(q) = -2*q**3 - 2*q**2 + 3*q + 2. Suppose y + 3 = 2*y. Let h be -1 - (-2 - (0 - y)). List the prime factors of v(h).
2
Suppose 4*p = -0*p + 16. Suppose -5*z + w + 19 = 1, 0 = -2*w + p. Suppose -6*s + z*s + 42 = 0. List the prime factors of s.
3, 7
Let l(c) = 3*c + 10. Let m(p) = 8*p + 30. Let d(j) = -11*l(j) + 4*m(j). List the prime factors of d(6).
2
What are the prime factors of ((-48)/14)/((-34)/357)?
2, 3
Suppose -2*g - 2*g + 16 = -5*b, 3*g - 12 = 4*b